-162241606
In base 9, what is -1347734 - -61?
-1347663
In base 11, what is 1a45a6a + 1?
1a45a70
In base 3, what is 101211221120210011 - 11?
101211221120210000
In base 16, what is -9b0 - -814?
-19c
In base 5, what is -223020010 + -101?
-223020111
In base 4, what is 10 + -3333203033?
-3333203023
In base 7, what is -1201556660 + -4?
-1201556664
In base 5, what is -31400422231 - 10?
-31400422241
In base 15, what is 71e0d + 751?
7265e
In base 11, what is -75a6 - -9673?
2078
In base 9, what is -22 + -118380065?
-118380087
In base 2, what is -1101000100000101101010110100 + -11?
-1101000100000101101010110111
In base 7, what is -22245436 - -5?
-22245431
In base 4, what is 1 - 11033132222?
-11033132221
In base 15, what is -1bda54 + -83?
-1bdad7
In base 12, what is 390b6 - 4878?
3443a
In base 4, what is -21120 + 330331131?
330310011
In base 9, what is 277611767 - 0?
277611767
In base 5, what is -3430 + 14323?
10343
In base 10, what is 6913069 - -4?
6913073
In base 9, what is -7445862 - 16?
-7445878
In base 14, what is 176799a + -5?
1767995
In base 7, what is 3052 - 122136?
-116054
In base 2, what is 11111100001001100011 - 10001?
11111100001001010010
In base 14, what is 34 - 329?
-2d5
In base 6, what is -1522 - 1100401?
-1102323
In base 10, what is 0 - 2972750?
-2972750
In base 12, what is -12308 - 10024?
-22330
In base 11, what is 733 + 7085?
7808
In base 5, what is 0 - -1031142130?
1031142130
In base 13, what is -c8634a + -4?
-c86351
In base 11, what is -a - -18130?
18121
In base 16, what is 327a2 + 7f3?
32f95
In base 7, what is -36504 + 203230?
133423
In base 10, what is 43 - -518340?
518383
In base 10, what is -23 + 74505?
74482
In base 12, what is -187337 - -232?
-187105
In base 12, what is -1357 + -109655?
-10a9b0
In base 6, what is -202241043 - -25?
-202241014
In base 11, what is 132371a02 + -3?
1323719aa
In base 4, what is 30001321 + 3320?
30011301
In base 2, what is -10101000100111001011 - -1000000?
-10101000100110001011
In base 9, what is -633683168 + -4?
-633683173
In base 7, what is -2 - 4664041463?
-4664041465
In base 13, what is 1cb138 - -10?
1cb148
In base 10, what is -14096 + 28555?
14459
In base 7, what is -4245144 - -64?
-4245050
In base 16, what is -4a9eb - -2e?
-4a9bd
In base 3, what is 12200100010211 - -100?
12200100011011
In base 2, what is -111000000001101 + -100000111111001?
-1011001000000110
In base 9, what is 32400 + 14805?
47305
In base 5, what is 22 + 10223424?
10224001
In base 7, what is -1616 + 1311135?
1306216
In base 5, what is -4402422414 - -44?
-4402422320
In base 7, what is 110 - -303436?
303546
In base 11, what is 3843 - 1019?
2825
In base 7, what is -4 + 510360602?
510360565
In base 5, what is 322113341 + -1232?
322112104
In base 3, what is 120000 - 22202?
20021
In base 3, what is 120002210002221 - -20012?
120002210100010
In base 10, what is 6658 + 1030?
7688
In base 12, what is -1572 - -169325?
167973
In base 10, what is -9975 + -13?
-9988
In base 13, what is 1088 + -586?
802
In base 8, what is 17025701 + 11?
17025712
In base 12, what is -1 + -2420bb?
-242100
In base 9, what is 231 + 856245?
856476
In base 6, what is -41 + -5101422335?
-5101422420
In base 13, what is 14c4c51 + -4?
14c4c4a
In base 4, what is 13021 - -2221033?
2300120
In base 9, what is -1030 + 4151?
3121
In base 5, what is 1 - -1240302230?
1240302231
In base 2, what is -1011101011 - -10001100010110100?
10001010111001001
In base 16, what is 6250a6c + 3?
6250a6f
In base 5, what is 3 - 130342401?
-130342343
In base 5, what is 20302304114 + -12?
20302304102
In base 7, what is -1150 + -12624403?
-12625553
In base 2, what is 11000110111001011110101 + 10?
11000110111001011110111
In base 9, what is 272458 - 657?
271701
In base 11, what is 306 + 1841?
2047
In base 12, what is -900259 + 20?
-900239
In base 11, what is -16723a895 + -5?
-16723a89a
In base 2, what is 10100010110 - -110010010011000?
110100110101110
In base 15, what is 12 - -31549d8?
31549ea
In base 13, what is 3a1 - 6c120?
-6ba4c
In base 16, what is 213 - -2f5?
508
In base 12, what is 21 + 959a73?
959a94
In base 15, what is -46 + c58c9?
c5883
In base 12, what is -2997 - -319?
-267a
In base 13, what is 21991c - -57?
219976
In base 10, what is -136473 + -51?
-136524
In base 2, what is -111 + 10011011000001110000011101?
10011011000001110000010110
In base 7, what is 3511243 - -3?
3511246
In base 4, what is 303232032032223 + -3?
303232032032220
In base 5, what is -33310 + 103103?
14243
In base 9, what is -34 - -2532273?
2532238
In base 6, what is -5 + 1142443322?
1142443313
In base 16, what is 3f + -4cf2?
-4cb3
In base 7, what is -12 - -50413423?
50413411
In base 9, what is 21435 - 1?
21434
In base 10, what is 334 + -107829?
-107495
In base 5, what is -13 + 4422403321?
4422403303
In base 2, what is -1 - -1010111010011110110011?
1010111010011110110010
In base 11, what is -64497 + -5402?
-69899
In base 3, what is 12 - -100101121000020?
100101121000102
In base 7, what is 2214402 + 232?
2214634
In base 11, what is -23 - -61805?
61792
In base 4, what is -1111 + -1013211220?
-1013212331
In base 8, what is -204341417 - -23?
-204341374
In base 12, what is aa - 4b38?
-4a4a
In base 7, what is 0 - -1133430?
1133430
In base 10, what is -115530 + -208?
-115738
In base 3, what is -20 - 211222001100112?
-211222001100202
In base 12, what is -10231835 - 1?
-10231836
In base 15, what is 68 + 13aa3?
13b1b
In base 9, what is 11838148 - -4?
11838153
In base 3, what is 222101122022 - 10?
222101122012
In base 13, what is -155941 + -1b2?
-155b23
In base 7, what is 6266153 + 52?
6266235
In base 5, what is 2214 - 4404020?
-4401301
In base 16, what is -3fa9 + -3172?
-711b
In base 6, what is -202 - 1150540?
-1151142
In base 5, what is 343212410102 + -1?
343212410101
In base 10, what is -22 + 1085237?
1085215
In base 6, what is -343150 + 1242?
-341504
In base 15, what is -15a98 + 0?
-15a98
In base 10, what is 795920 - -1?
795921
In base 14, what is 167a5 + c0?
16885
In base 2, what is 100100100011110110010110 - 10?
100100100011110110010100
In base 12, what is 1a77628 - 5?
1a77623
In base 9, what is 71514 - 6158?
64345
In base 10, what is 22 - -30986735?
30986757
In base 7, what is -14 + 464546333?
464546316
In base 10, what is 4055 - -41595?
45650
In base 12, what is -44937 - -a17?
-43b20
In base 14, what is 2ddc - 3a2?
2a3a
In base 16, what is -26 - -a3b9cc?
a3b9a6
In base 15, what is -24d + a0a48?
a07ea
In base 2, what is 100111101001 - 1001100010101010?
-1000111011000001
In base 8, what is 7352 + -32?
7320
In base 11, what is -2 + a87911?
a8790a
In base 6, what is 1 - -11342001?
11342002
In base 5, what is -1203141 + -200144?
-1403340
In base 10, what is 2 - -50012420?
50012422
In base 3, what is -111020101 + -221121?
-112011222
In base 6, what is 11 - 104031425?
-104031414
In base 10, what is 1480217 + 5?
1480222
In base 2, what is 1 + -10010111011001110100001?
-10010111011001110100000
In base 3, what is 2010002 - -11202122211?
11211202220
In base 9, what is 3273101736 - 3?
3273101733
In base 13, what is 12b46a6 + 15?
12b46bb
In base 11, what is -182a3718 + 2?
-182a3716
In base 13, what is 1a9c3c + 8?
1a9c47
In base 8, what is 6506 - 13430?
-4722
In base 15, what is d - -12aa81a?
12aa828
In base 16, what is 93498c - 4?
934988
In base 16, what is 1e6ea + 4a7?
1eb91
In base 5, what is -14331244222 - 21?
-14331244243
In base 10, what is -1 + -5203651?
-5203652
In base 9, what is 46 - -2138386?
2138443
In base 2, what is 1110101000111100111000 - -100111?
1110101000111101011111
In base 4, what is 32120 - 200021320?
-133323200
In base 7, what is 12262224 + 113?
12262340
In base 13, what is -1b - -1b284?
1b266
In base 7, what is -3 - -6330032645?
6330032642
In base 9, what is 13 + 1266238?
1266252
In base 15, what is 3eaa - 283?
3c27
In base 5, what is -2341101 - -414?
-2340132
In base 8, what is 1346 + 313670?
315236
In base 13, what is 18735cc - 2?
18735ca
In base 2, what is 100101111110111000001010 - 11?
100101111110111000000111
In base 10, what is -56452 + 1213?
-55239
In base 8, what is 133 - 27043357?
-27043224
In base 9, what is 37 + 148213?
148251
In base 7, what is -34210 + -265?
-34505
In base 12, what is -2262 + -8b10?
-b172
In base 14, what is -2 - 13382ba?
-13382bc
In base 5, what is 10 + -1144324223?
-1144324213
In b